ine q(p).
-11
Let j(a) = -a - 3*a + 12*a + 8 - 18*a + 5*a. Give j(1).
3
Suppose -8*p + 16*p + 8 = 0. Let k(b) = 5*b**2 - 4*b - 13. Let x(v) = -3*v**2 + 2*v + 7. Let j(h) = -6*k(h) - 11*x(h). Give j(p).
2
Suppose 8 = -95*j + 97*j. Let v(w) = -j + 3*w - 2*w + 6*w + 4*w + 0*w. Give v(2).
18
Let a(l) = 5*l**2 - 48*l - 22. Let z(j) = -14*j**2 + 137*j + 66. Let s(f) = 11*a(f) + 4*z(f). Calculate s(16).
86
Suppose 5*p - 57 = 4*u + 39, 95 = -3*u - 2*p. Let i(c) = 11*c + 327. Determine i(u).
8
Let h(l) be the second derivative of -l**4/4 + l**3/6 - 29*l**2/2 - 2*l - 33. Let k(o) be the first derivative of h(o). Determine k(-1).
7
Let l(f) be the second derivative of -f**5/20 + f**4/2 - 5*f**3/6 - 3*f**2/2 + 104*f. Let x = -4 + 7. Suppose x*g - g - 10 = 0. Calculate l(g).
-3
Let t(j) = -33*j - 7. Suppose 60*i - 13 + 8 = -5. Give t(i).
-7
Let w(l) = 17 + 464*l**3 - 150*l**3 - 160*l**3 - 155*l**3 - 4 - l**2. Suppose 19 = 2*g - 9. Let i = g + -14. Calculate w(i).
13
Let b(l) = 6*l**2 + 7*l + 11. Let k(h) = 7*h**2 + 7*h + 12. Let p(f) = 6*b(f) - 5*k(f). Let m(y) = -10*y**2 - 92*y - 103. Let o be m(-8). Determine p(o).
6
Suppose 32 = 7*c - 682. Let l(g) = 26*g**3 + 20*g**3 + 7*g + 29*g**3 + 8*g**2 - c*g**3 + 28*g**3. Let o = -17 - -10. Determine l(o).
0
Let g(q) be the third derivative of q**6/360 - q**5/30 - 41*q**4/24 + q**2 - 23*q. Let l(w) be the second derivative of g(w). Calculate l(4).
4
Let k(j) be the first derivative of 3*j**2 + 13*j - 2609. Give k(-5).
-17
Let a(y) = -4*y - 33. Let o be a(-10). Suppose -o*q - 104 = -720. Let g(z) = 6 - q*z + 38*z + z**3 - 5*z**2 + 45*z. Calculate g(6).
12
Let t be (3 - 38/14) + 8/(-28). Let s(m) = 17*m**2 - 5*m - 9*m**2 - 9*m**2 - 9 + t*m**2. What is s(-3)?
-3
Let t = -270 + 265. Let k be (-4)/10 + 2/5 + t. Let c(f) = f**3 + 5*f**2 + 5*f + 2. Calculate c(k).
-23
Let v(s) = 19*s**3 - 151*s**2 - 6*s - 1. Let u be v(8). Let l(d) = d**3 - 13*d**2 - 26*d - 56. Calculate l(u).
4
Let t(v) = -v**3 + 7*v**2 + 19*v - 9. Let w(k) = -k**3 + 92*k**2 + 284*k + 104. Let u be w(95). Give t(u).
0
Suppose -3*j + j + 12 = 5*k, 13 = 4*k + 5*j. Let l be (2 - 3)/((-4)/1956). Let b(s) = 1 + l*s + s**k - 489*s. Give b(-1).
2
Let s(q) = -113*q + 35*q - 4 + 36*q + 41*q. Suppose -4*u + 9*u - 55 = 0. Give s(u).
-15
Let u(z) be the first derivative of -z**4/4 - 4*z**3 - 7*z**2 - 21*z - 5485. What is u(-11)?
12
Let s(c) = -c**2 + 53*c - 354. Let t(u) = 284*u - 1128. Let a be t(4). Determine s(a).
6
Let g(j) = 2*j + 3. Let t = -123 + 158. Let n = 40 - t. Calculate g(n).
13
Let i(p) be the third derivative of p**5/60 + 9*p**4/8 + 47*p**3/6 - 7*p**2 + 88*p. Calculate i(-2).
-3
Let u(g) = -g**2 + 8*g - 9. Suppose 52 + 82 = 62*s - 114. Give u(s).
7
Let t(c) be the first derivative of c**2/2 - 9*c - 21. Let w be 9*6/(-18)*33/(-9). Calculate t(w).
2
Let k(y) = -y**3 - 5*y**2 - 5*y - 5. Let i = -632 + 655. Suppose -c - 54 = c - 3*h, 4*h = 0. Let a = i + c. Determine k(a).
-1
Let a(m) = 3*m + 6. Suppose 14*u - 10*u = 16. Suppose 0*k - u*k = -4. Suppose 2*t - k = -f + 4, 5*f = 2*t - 35. What is a(f)?
-9
Let q(g) = -4 + 13*g + 2 + 43*g - g**3 + 1 - g**2 - 31*g. What is q(0)?
-1
Let s(f) be the second derivative of -5*f**3/3 + 11*f**2/2 + 4600*f. Give s(4).
-29
Let q(m) = 34 - 761*m - 747*m + 1514*m. Give q(-8).
-14
Suppose 5 = -2*k + 3*i, -3*i = -421*k + 417*k - 19. Let x(q) = q**2 + 7*q + 20. Determine x(k).
20
Let n(k) = -709*k - 4252. Let p be n(-6). Let c(g) = 41*g - 5. Determine c(p).
77
Let t(f) = 5*f - 151. Let y = 1307 + -1273. What is t(y)?
19
Suppose -22*f + 10956 = -33*f. Let p = f - -994. Let v(i) = 2 - i**2 - 2 - 2 - 3*i. Calculate v(p).
0
Suppose -3*p + 2 = 4*w, 0*w = -3*w + 2*p + 10. Let j(o) = -2*o - 3 + 14*o**2 - 7*o**w + 2 + 0. Suppose -2*t + 0*t - 2 = 0. What is j(t)?
8
Let a = -7 + 4. Let h(y) = 15*y - 2. Let t(g) = -37*g + 5. Let w(n) = -5*h(n) - 2*t(n). Let i(z) = z + 1. Let f(l) = a*w(l) - 2*i(l). Calculate f(6).
4
Let v(m) = 3*m - 6. Suppose 0 = -4*k + 16, 3*k - 127 = -2*u - 3*u. Let h(n) = n**2 + 17*n**2 + 24 + 39*n - u*n**3 + 22*n**3. Let s be h(20). What is v(s)?
6
Let o = -4 + 3. Suppose -3*c + 0 = 5*f - 21, 16 = 2*c + 4*f. Let l(h) = -c*h + 1 - 30*h**2 + 32*h**2 + 3*h**3 + 4*h. What is l(o)?
-2
Let t(h) = -12*h + 7. Let b(a) = 17*a - 11. Let f(g) = 5*b(g) + 7*t(g). Let d be (5 + -4)/((-13)/(-78)). Give f(d).
0
Let r(y) = 7*y - 4. Suppose 4*j = -h + 4, -h = 5*j + 86 - 91. Calculate r(j).
3
Let n(p) = -7*p**2 - 63*p - 2. Suppose -2*u = 3*t + 21, -5*u = -27*t + 30*t + 12. Give n(t).
-2
Let a(u) = -148*u**3 - u**2 + 9 - u - 22 + 15 + 144*u**3. Give a(2).
-36
Let m(j) = -j - 3. Let x(p) = p + 3. Let y(u) = 3*m(u) + 2*x(u). Let v = -63 - -32. Let w = -35 - v. Give y(w).
1
Let u(k) = 11*k**2 + 8*k - 10. Let p(v) = 16*v**2 + 6*v - 10. Let t(m) = -3*p(m) + 4*u(m). Calculate t(2).
2
Let s = -81 + 132. Let n = s - 51. Let x(f) = n*f**2 - 7*f**2 + 3*f - 2*f. What is x(-1)?
-8
Suppose 304 = 12*f + 13*f - 9*f. Let j(c) = -c**3 + 21*c**2 - 41*c + 56. Determine j(f).
-1
Suppose 0 = 20*z - 41*z + 20*z - 11. Let k(u) = u**3 + 9*u**2 - 18*u + 35. Give k(z).
-9
Let i(v) be the first derivative of v**4/4 - 28*v**3/3 - 16*v**2 + 80*v - 3611. Calculate i(29).
-7
Let i be (2 + 8/(-6))/((-62)/93). Let k(n) = -5*n - 4. What is k(i)?
1
Let q(w) = -w - 12. Let b(x) = 334*x + 1667. Let k be b(-5). Give q(k).
-9
Let j(g) = 2*g + 1. Suppose y - 3*t = 11, 4*y - 3*t - 2*t = 23. Suppose -5*z + 32 = -z - y*l, -32 = -4*z + l. Let a(u) = 4*u - 29. Let h be a(z). What is j(h)?
7
Let q = -3896 - -3896. Let l(x) = -x**3 - 2*x**2 + x - 7. Calculate l(q).
-7
Let m(s) be the first derivative of s**3/3 - 13*s**2/2 - 4*s - 2793. Let t = 0 - -14. Calculate m(t).
10
Let u(a) = 44*a**2 + 1. Let r(t) = -233*t**2 + t - 9. Let i(s) = 3*r(s) + 16*u(s). Determine i(-5).
99
Let y(c) = 67*c**2 - 663*c - 70*c**2 + 662*c - 16. What is y(-6)?
-118
Suppose s = 5, 3*x + 3*s - 78 = -0*x. Let f(o) = -6*o - 4*o + o**2 - 3*o + x*o + 8. Let t be ((-6)/(-5))/((-2)/10). What is f(t)?
-4
Let c(a) = 4*a - 2*a**2 - 3 - 3 + 3*a. Let f(r) = 2*r**3 - 4*r**2 - 9*r + 11. Let i be f(3). Suppose -2*t = i, 16 = 3*b - 0*t - 4*t. Calculate c(b).
-10
Let g(f) = -f**3 + 2*f. Let j be (21 + -1)*6/144*12. Suppose h - 5*z - 23 = 0, j = 4*h - 2*z + 8. Give g(h).
4
Let k(r) = 0 + 13 + 7*r**2 - 12. Let j(d) = d**2. Let u(s) = 4*j(s) - k(s). Let b(h) = -h**2 - 3*h - 1. Let o be b(-2). What is u(o)?
-4
Let x(h) = 5*h + 110. Let k(q) = -6*q - 111. Let m(r) = -5*k(r) - 4*x(r). Let s be m(-11). Let c(f) = -f + 2. Give c(s).
-3
Let y(j) = j**3 + 21*j**2 - 3*j - 19. Suppose 455*s = -42*s - 19*s - 10836. Determine y(s).
44
Let x(t) = -t**3 - 8*t**2 - 5*t + 11. Suppose 0 = 3*b + 2*m + 9, -330*b + 5*m - 37 = -329*b. Determine x(b).
-3
Let p(v) = -16*v - 17 - 71 - 12 - 102. Calculate p(-12).
-10
Let s(a) be the third derivative of 0*a - 87*a**2 + 0 - 1/6*a**4 + 9/2*a**3. Give s(6).
3
Suppose 5*a - 19 - 61 = 0. Let z be 310/80 - (-2)/a. Let y(r) = r**3 - 2*r**2 - 6*r + 5. What is y(z)?
13
Let o(x) = -x**2 + 147*x + 4306. Let i be o(-25). Let s(q) = 3*q**2 - 12*q - 1. Calculate s(i).
35
Let h be (-20)/((-4)/(-24) + 65/(-30)) + -7. Let b(r) = r**3 - 5*r**2 + r + 9. Determine b(h).
-6
Let j = 2965 - 2963. Let p(d) = -5*d + 17. Calculate p(j).
7
Let h(t) be the second derivative of t**5/20 + t**4/12 - t**3/6 - t**2/2 + 26*t. Let x = 1152 + -1153. Calculate h(x).
0
Let z(k) be the first derivative of -5/2*k**2 - 48 + 9*k. Give z(7).
-26
Let b(c) = -c - 3. Let l be b(-6). Let h(m) = m + 2*m**l - 1 - m + 2*m - m. Let u(o) = -32*o**2 + 2*o + 1. Let j be u(0). Give h(j).
2
Let t(b) be the first derivative of 1/4*b**4 + 3*b**2 - 3 + 5*b - 8/3*b**3. Let w(u) = 35*u - 308. Let o be w(9). Calculate t(o).
-2
Suppose -8*d + 0*d = -888. Let m be d/74*4*2/(-6). Let z be -10*m*(-3)/12. Let g(y) = -y**2 - 2*y + 6. Give g(z).
-9
Let s be (5 + -6)*(2 + (-1)/(-1)). Let g be (-155)/(-5) - (-2)/(2/s). Let p(q) = 13*q - g*q + 10*q + 8*q - 1. Determine p(3).
8
Let i(o) = -1. Let f be (13 - (2 - -11)) + 10. Let z(a) = -5 - 4 - 2*a + 5. Let h(k) = f*i(k) - z(k). Determine h(4).
2
Let s(k) = -11*k**2 + 9*k + 11*k + 11 - 5 + 6*k**2 - k**2 - k**3. Determine s(-8).
-26
Let b(d) be the third derivative of d**4/8 + 23*d**3/3 - 1767*d**2. Determine b(-1